is the highest common factor of q and 22?
22
Let n be 82/7 + (-2)/(-7). Let d = 12 + -8. Suppose d*j - 148 = 44. What is the highest common divisor of n and j?
12
Let t(s) = -3*s**3 - s**2 + s + 3. Let k be t(-4). Suppose 279 = 2*d - k. Let h = -115 + d. Calculate the highest common divisor of 14 and h.
14
Let b = 16 - -28. Suppose -4*h + 28 + b = 0. Calculate the greatest common divisor of 9 and h.
9
Suppose -h + 3 = 0, 2*g - h - 2*h + 1 = 0. Calculate the greatest common divisor of g and 4.
4
Let h be (-7)/(28/8)*17. Let y = h - -60. What is the highest common factor of y and 52?
26
Suppose -110 = -2*w - 2. Let a = 43 + -34. Calculate the greatest common factor of w and a.
9
Let m(u) = u**2 - 6*u - 7. Let v be m(7). Suppose -3*c + 8*c - 120 = v. Let p be (-511)/(-14) + (-1)/2. Calculate the greatest common factor of p and c.
12
Suppose -4*o + 3*o = -5. Calculate the highest common factor of o and 25.
5
Let u(c) = 11*c + 1. Suppose -45 = 3*b - 8*b. Let t be (6/(-18))/((-1)/b). Let l be u(t). What is the greatest common factor of l and 85?
17
Suppose 0*c - 3*c = -333. Suppose 3*z + o = -3, o - 3 = z - 6. Let u be c - z - (-1 - -2). What is the highest common divisor of u and 10?
10
Suppose -9 + 2 = b - 2*r, 3*r = 4*b + 3. Suppose -b = -2*f + f. Suppose -f*j + 33 - 7 = -4*o, 3*j + 5*o = 8. Calculate the highest common divisor of 15 and j.
3
Let f(h) = -h - 5. Let w be f(-6). Let l be (w*-2 - -3) + 2. Suppose 0 = -l*v + 3*y + 9, -v + 5*y + 1 = 2*v. What is the highest common divisor of v and 63?
7
Suppose -3*y = -2*y - 131. Let m = y - 66. What is the highest common divisor of 13 and m?
13
Let y(b) = 2*b**2 + b - 4. Let s be y(-3). Suppose 2*l = 3*k + s, -4*k - 12 + 0 = -4*l. Let r = 7 + k. What is the highest common factor of 2 and r?
2
Suppose 100 + 17 = 3*r. What is the greatest common divisor of 13 and r?
13
Suppose -13*j - 1542 = -5*y - 16*j, 4*j - 628 = -2*y. What is the highest common factor of 18 and y?
18
Let p be (-64)/10*30/(-6). What is the highest common factor of p and 16?
16
Suppose -f + 2 = -1. Suppose b = -4 + f. Let n be b - (-87*1 - 2). What is the highest common factor of n and 11?
11
Let q(f) = -f**3 - 13*f**2 - 27*f - 23. Let s be q(-11). What is the greatest common divisor of s and 288?
32
Let g(l) = 3*l + 4. Suppose 0 = -u - 4*t + 26, 5*u - 25 = 5*t - 4*t. Let k be g(u). What is the greatest common divisor of 11 and k?
11
Let s(z) = z + 11. Let k be s(-9). Suppose 4*x - 6*b + k*b - 72 = 0, -2*x + 51 = -5*b. What is the highest common divisor of 117 and x?
13
Let u(i) = -1 + 27*i**2 - 26*i**2 - 4*i + 5*i**3 + 2. Let g be u(3). Calculate the greatest common factor of 19 and g.
19
Suppose 7 + 29 = 3*n. Suppose 6*q - 4*q - 80 = -4*f, -5*f + 2*q + 82 = 0. What is the highest common divisor of f and n?
6
Suppose u = -4*u + 85. What is the greatest common divisor of 136 and u?
17
Let d(g) = -g**3 - 12*g**2 - 15*g + 11. Let o be d(-11). What is the greatest common divisor of o and 11?
11
Suppose -16 = -4*s + 2*n, -27 = -5*s + 3*n - 4*n. Calculate the highest common factor of 2 and s.
1
Let g(j) = -j**3 - 6*j**2 - j + 4. Let q be g(-6). What is the greatest common divisor of 30 and q?
10
Let f(h) = -13*h - 5. Let t be f(-5). Let u(i) = -2*i + 2. Suppose 0*b + b + 5 = 0. Let w be u(b). What is the highest common divisor of t and w?
12
Suppose -4*m - 5 = -29. Let u = m + 2. Suppose 0 = -x + 3 - 6, 0 = 3*w + 4*x. Calculate the highest common factor of u and w.
4
Let t(n) = 3*n - 14. Let k be t(9). Calculate the highest common divisor of 91 and k.
13
Let f(b) = b**2 - 5*b + 3. Let k be f(6). Let m = k - -47. What is the greatest common divisor of 14 and m?
14
Let m be 11 - -39 - 4*-1. Calculate the greatest common factor of m and 18.
18
Let n be 3*(51/(-9) - -1). Let x = n - -32. Let s = 31 - x. Calculate the highest common divisor of s and 91.
13
Let o be 8/(-12) + (-4)/3. Let v be ((-22)/o)/(4/44). What is the highest common factor of v and 11?
11
Let c = 96 + -41. What is the greatest common divisor of 5 and c?
5
Suppose 82 = 5*r + 2*g, -2*r + 3*g = r - 45. Suppose 5*z - 215 = 5*i, -3*z - 47 = i - 164. What is the greatest common divisor of z and r?
8
Suppose 3 = 3*r - 5*r - 3*n, 0 = -2*r - 5*n - 13. Let c(v) = -v**3 + 6*v**2 + v + 6. Let u be c(r). What is the highest common factor of u and 2?
2
Suppose -205 = -6*j + j. Let p = -11 - -16. Suppose p*o + 2*x = j, -o + 2*x = -0*o - 13. Calculate the highest common divisor of o and 9.
9
Suppose 0 = -h + 2*j + 3*j + 21, -j + 147 = 4*h. What is the greatest common divisor of 4 and h?
4
Let u(m) = m**3 - 13*m**2 + 7*m + 4. Let q be u(13). Calculate the greatest common factor of 19 and q.
19
Let v be (-3 + 7 - -3) + -1. Suppose v*c + 14 = 110. What is the greatest common factor of 4 and c?
4
Let f(p) = -2*p**2 - 36*p + 14. Let v be f(-18). Calculate the highest common factor of v and 21.
7
Let j = -107 - -145. Suppose 4*f - d + 3*d - 218 = 0, 4*f + 4*d - 208 = 0. Calculate the greatest common divisor of j and f.
19
Let q = 16 + -6. Let j(g) = g**3 - 10*g**2 + 10. Let h be j(q). Calculate the highest common factor of h and 15.
5
Let f(j) = -j**2 - 12*j - 19. Let g be f(-8). What is the highest common divisor of 91 and g?
13
Let s = 6 - 10. Let u be 1/2 + (-14)/s. Calculate the greatest common divisor of 10 and u.
2
Let v be (2 + -1)*24/4. Suppose -2*p = 5*z - 170, v*z + 150 = 2*p + z. Calculate the highest common divisor of 10 and p.
10
Let i = -1 - -4. Let d be 1 + (3 - (1 - i)). Let o be 5 + 2/d*0. Calculate the greatest common factor of o and 5.
5
Suppose -h - 2*i = -i - 23, 0 = h + 2*i - 26. Let l(k) = 3*k**2 + 4*k + 4. Let r be l(-2). What is the highest common factor of r and h?
4
Let d = -3 + 2. Let l be (-5)/d + (0 - 2). Suppose l*s = 2*s + 4. What is the greatest common factor of 44 and s?
4
Let x(f) = f + 47. Let d be x(-19). What is the highest common divisor of d and 84?
28
Let p(l) = -7*l - 1. Let d be p(1). Let a be 51/6 - 4/d. Suppose 4*m = -4*j, -4*m + 5*j = -0 - 27. What is the highest common factor of m and a?
3
Let g be (1 - 12) + (-12)/(-6). Let u(l) = l**3 + 10*l**2 + 7*l - 13. Let c be u(g). Calculate the highest common divisor of c and 5.
5
Let v(x) = 59*x**2 - x + 2. Let w = -10 + 11. Let d be v(w). Calculate the highest common factor of 12 and d.
12
Suppose 4*s - 2*p = 478, p + 355 = 3*s - 4*p. Calculate the highest common factor of s and 15.
15
Let w = 64 + -45. Calculate the greatest common factor of w and 152.
19
Suppose -5*b - 5*k = 60, 3*b - 4*k = -3*k - 20. Let x be b/28 + 72/7. Calculate the greatest common divisor of 70 and x.
10
Let t be (-11)/(2*(-2)/8). Calculate the highest common factor of 198 and t.
22
Let u(l) = -l + 8. Let k be u(0). Suppose 3*n - 42 = -3*f, 3*f + 58 = k*f - n. Let x = -220 - -340. Calculate the greatest common factor of f and x.
12
Suppose 4*p + 8 = 4*r, -r - 3 = -4*p - 11. Let t be 6 + 2 + (-3 - r). What is the highest common divisor of 15 and t?
5
Let z(d) = d**2 + 15*d. Let b be z(-13). Let p = b - -62. What is the greatest common factor of 18 and p?
18
Let j be (-2)/6 - 4/(-12). Let w(z) = j - 3 + 128*z + 48*z + 2. Let i be w(1). What is the greatest common divisor of 25 and i?
25
Suppose -2*o - 4*z - 6 = 0, 14 = 2*o + z - 2*z. What is the highest common factor of o and 35?
5
Let q = -22 - -32. Let o be (8/q)/((-4)/120). Let l = -14 - o. Calculate the greatest common factor of 20 and l.
10
Suppose 0 = 7*o - 40 + 5. Calculate the greatest common factor of 25 and o.
5
Let l = -26 - -58. Let n = -2 - -4. Suppose 403 = 5*w + 4*h - 3*h, -n*w - 5*h + 175 = 0. Calculate the highest common factor of l and w.
16
Let b = -375 + 264. Let d = -71 - b. Calculate the highest common divisor of 5 and d.
5
Let a be 3 - ((-44)/2)/1. What is the highest common factor of a and 5?
5
Let p(j) = 5*j - 11. Let x be p(15). What is the highest common divisor of x and 8?
8
Let x be 8/28 + (-40)/(-7). Suppose -5*f + x + 9 = 0. Calculate the greatest common divisor of f and 6.
3
Suppose 40 + 35 = 5*n. Suppose -g - 1 = -n. Calculate the highest common divisor of 21 and g.
7
Suppose -4*i + 2*u + 31 = 5*u, -37 = -5*i - 2*u. Let w be 48 - (-2 - -5 - 1). Let k = w - 25. What is the highest common divisor of k and i?
7
Let k be (3/1)/(2/4). Let b(l) = 0 + 1